s 74 divide 97384?
True
Is 77 a factor of 3728689?
False
Does 2263 divide 2870455?
False
Is 10109 a multiple of 71?
False
Is 108 a factor of 3900997?
False
Is 130 a factor of 234205?
False
Does 28 divide 503936?
False
Is 3 a factor of 43690?
False
Is 49331 a multiple of 4?
False
Is 122 a factor of 22284?
False
Is 367 a factor of 4766606?
False
Does 13 divide 5637937?
False
Does 19 divide 18316?
True
Is 3615255 a multiple of 115?
True
Is 93 a factor of 1032393?
True
Is 21 a factor of 975177?
True
Is 15 a factor of 976300?
False
Does 24 divide 670827?
False
Is 53 a factor of 209467?
False
Is 919923 a multiple of 75?
False
Is 81 a factor of 56653?
False
Does 41 divide 400693?
True
Is 868750 a multiple of 366?
False
Is 668640 a multiple of 96?
True
Does 10 divide 2470080?
True
Is 4 a factor of 4551657?
False
Is 26684 a multiple of 3?
False
Does 30 divide 820220?
False
Is 12677 even?
False
Is 3721205 a multiple of 67?
False
Is 18 a factor of 2186838?
True
Is 106 a factor of 120067?
False
Is 64 a factor of 342656?
True
Is 429 a factor of 10414404?
True
Does 25 divide 126525?
True
Is 732010 a multiple of 6?
False
Is 575722 a multiple of 118?
True
Is 81972 a multiple of 66?
True
Is 78 a factor of 82581?
False
Is 2737130 a multiple of 149?
True
Is 248444 a multiple of 14?
True
Does 380 divide 491340?
True
Is 8280 a multiple of 16?
False
Is 946920 a multiple of 30?
True
Is 862498 a multiple of 1274?
True
Does 46 divide 79626?
True
Does 14 divide 16371169?
False
Does 80 divide 1894960?
True
Does 6 divide 3390714?
True
Is 1644896 a multiple of 8?
True
Is 2516420 a multiple of 251?
False
Does 107 divide 16329805?
True
Does 16 divide 59583?
False
Is 77 a factor of 182754?
False
Is 13 a factor of 314488?
False
Is 117 a factor of 295445?
False
Is 110468 a multiple of 77?
False
Is 1814 a factor of 15485585?
False
Is 425 a factor of 16395650?
True
Does 8 divide 222488?
True
Does 91 divide 1928424?
False
Is 222547 a multiple of 17?
True
Is 361713 a multiple of 13?
False
Is 94 a factor of 47258?
False
Does 71 divide 5920772?
False
Is 10 a factor of 107737?
False
Is 752240 a multiple of 16?
True
Is 7 a factor of 6187018?
False
Is 28 a factor of 35038?
False
Is 595242 a multiple of 3?
True
Is 17 a factor of 50099?
True
Does 349 divide 49715?
False
Does 486 divide 2845044?
True
Is 278 a factor of 148182?
False
Is 16 a factor of 8831264?
True
Is 55473 a multiple of 3?
True
Is 110 a factor of 109257?
False
Is 17 a factor of 106709?
True
Does 5 divide 18375?
True
Does 1802 divide 2363933?
False
Is 13050625 a multiple of 175?
True
Is 2131812 a multiple of 27?
True
Is 223767 a multiple of 78?
False
Is 21 a factor of 80871?
True
Is 85696 a multiple of 13?
True
Is 783217 a multiple of 140?
False
Is 95 a factor of 5981?
False
Is 1920046 a multiple of 36?
False
Is 32 a factor of 10961794?
False
Is 95810 a multiple of 33?
False
Is 83 a factor of 463595?
False
Does 45 divide 8151?
False
Is 567 a factor of 7361361?
True
Is 9 a factor of 21084?
False
Is 687974 a multiple of 132?
False
Is 97 a factor of 3452647?
False
Is 238482 a multiple of 77?
False
Is 792513 a multiple of 824?
False
Does 3 divide 3609770?
False
Is 34 a factor of 11869740?
True
Is 112000 a multiple of 35?
True
Does 117 divide 65637?
True
Is 1782792 a multiple of 8?
True
Is 57 a factor of 105393?
True
Is 2275036 a multiple of 707?
False
Is 88 a factor of 2556756?
False
Is 391051 a multiple of 31?
False
Does 39 divide 83031?
True
Does 27 divide 318998?
False
Is 462 a factor of 302664?
False
Does 26 divide 289849?
False
Is 5149440 a multiple of 288?
True
Is 130 a factor of 339430?
True
Is 25 a factor of 262997?
False
Is 1823939 a multiple of 173?
True
Is 23593 a multiple of 5?
False
Does 234 divide 63648?
True
Is 3656184 a multiple of 24?
True
Is 23 a factor of 228137?
True
Is 31 a factor of 155806?
True
Does 653 divide 194594?
True
Does 69 divide 76477?
False
Is 14 a factor of 174454?
True
Is 310661 a multiple of 3?
False
Does 35 divide 221868?
False
Does 150 divide 7513650?
True
Does 8 divide 319661?
False
Is 218751 a multiple of 213?
True
Is 284 a factor of 179599?
False
Is 642048 a multiple of 11?
True
Is 587180 a multiple of 55?
True
Is 142 a factor of 850352?
False
Is 285016 a multiple of 23?
True
Is 188210 a multiple of 5?
True
Does 199 divide 766747?
True
Does 12 divide 169188?
True
Is 102165 a multiple of 35?
True
Is 8 a factor of 132616?
True
Does 9 divide 212085?
True
Is 8284365 a multiple of 1478?
False
Does 21 divide 38871?
True
Is 13 a factor of 8076627?
True
Is 24 a factor of 1691832?
True
Does 137 divide 138507?
True
Is 42 a factor of 139314?
True
Does 14 divide 5413312?
False
Is 85536 a multiple of 18?
True
Does 267 divide 323377?
False
Does 225 divide 325530?
False
Is 12191520 a multiple of 352?
True
Is 49 a factor of 32617?
False
Is 30 a factor of 940741?
False
Is 2557863 a multiple of 231?
True
Is 1161474 a multiple of 613?
False
Is 2302102 a multiple of 93?
False
Is 231 a factor of 749595?
True
Is 12312 a multiple of 228?
True
Does 50 divide 564071?
False
Is 715488 a multiple of 115?
False
Is 169 a factor of 181337?
True
Is 3 a factor of 12744?
True
Is 7768940 a multiple of 702?
False
Is 619640 a multiple of 35?
True
Is 16 a factor of 426289?
False
Is 152 a factor of 17554?
False
Is 88578 a multiple of 171?
True
Is 462128 a multiple of 6?
False
Is 82 a factor of 12886136?
True
Does 22 divide 3441727?
False
Is 3799364 a multiple of 59?
True
Is 72 a factor of 6192?
True
Does 30 divide 1222386?
False
Does 13 divide 75348?
True
Does 876 divide 718245?
False
Does 33 divide 2188659?
True
Is 630840 a multiple of 84?
True
Is 15 a factor of 477485?
False
Is 79 a factor of 236052?
True
Is 21 a factor of 64255?
False
Is 168 a factor of 133560?
True
Is 47 a factor of 82156?
True
Does 71 divide 586358?
False
Is 22204731 a multiple of 87?
False
Does 8 divide 115570?
False
Is 159 a factor of 5463836?
False
Does 210 divide 5196030?
True
Is 658581 a multiple of 77?
True
Is 421 a factor of 4356118?
False
Is 3686319 a multiple of 17?
False
Is 45 a factor of 378772?
False
Does 40 divide 1094520?
True
Does 11 divide 8359?
False
Does 374 divide 871564?
False
Does 328 divide 57142?
False
Is 24 a factor of 10448664?
True
Does 107 divide 4387?
True
Is 266 a factor of 873278?
True
Is 6 a factor of 2910166?
False
Is 365241 a multiple of 144?
False
Is 108864 a multiple of 28?
True
Does 30 divide 239880?
True
Is 1805700 a multiple of 26?
True
Is 122 a factor of 6559291?
False
Does 181 divide 978305?
True
Is 5268081 a multiple of 897?
True
Is 208 a factor of 149760?
True
Is 443085 a multiple of 24?
False
Is 9 a factor of 2511?
True
Does 330 divide 9662416?
False
Is 142725 a multiple of 3?
True
Is 691 a factor of 30779904?
True
Is 253825 a multiple of 71?
True
Is 556348 a multiple of 19?
False
Is 58 a factor of 8798984?
False
Is 1638085 even?
False
Is 9846654 a multiple of 93?
True
Is 163 a factor of 4539039?
False
Is 30 a factor of 48515?
False
Is 541791 a multiple of 65?
False
Is 1358265 a multiple of 465?
True
Is 4 a factor of 499712?
True
Is 114 a factor of 696540?
True
Is 25456 a multiple of 43?
True
Is 2839311 a multiple of 714?
False
Is 12 a factor of 665657?
False
Is 53 a factor of 1066823?
False
Is 212436 a multiple of 16?
False
Is 93 a factor of 1299029?
False
Is 51205 a multiple of 95?
True
Is 688143 a multiple of 5?
False
Is 13 a factor of 1517526?
False
Does 124 divide 353934?
False
Is 42 a factor of 5588153?
False
Does 166 divide 1269734?
True
Is 650 a factor of 259048?
False
Does 174 divide 529487?
False
Does 9 divide 24778?
False
Does 15 divide 29385?
True
Is 37 a factor of 2078401?
True
Is 55 a factor of 308238?
False
Is 1372851 a multiple of 577?
False
Is 22 a factor of 347097?
False
Is 110985 a multiple of 147?
True
Does 1363 divide 16157002?
True
Is 58 a factor of 1733538?
False
Is 28 a factor of 3376799?
False
Is 695635 a multiple of 501?
False
Is 573944 a multiple of 37?
True
Does 74 divide 590002?
True
Is 435 a factor of 437610?
True
Is 128852 a multiple of 145?
False
Is 6508447 a multiple of 67?
True
Is 534 a factor of 370062?
True
Is 60 a factor of 4014359?
False
Does 112 divide 90832?
True
Does 6 divide 117744?
True
Does 438 divide 289518?
True
Is 143232 a multiple of 14?
False
Is 90 a factor 